9644?
9
What is the hundred millions digit of 406025986?
4
What is the ten millions digit of 53535606?
5
What is the ten thousands digit of 1372506552?
0
What is the ten millions digit of 12279020?
1
What is the ten millions digit of 220873523?
2
What is the hundred millions digit of 118152855?
1
What is the hundred thousands digit of 89306895?
3
What is the millions digit of 85862009?
5
What is the millions digit of 336414355?
6
What is the units digit of 183928748?
8
What is the tens digit of 42293839?
3
What is the hundred thousands digit of 7667234?
6
What is the hundred millions digit of 3008242456?
0
What is the units digit of 45440674?
4
What is the millions digit of 274454701?
4
What is the hundreds digit of 303387599?
5
What is the ten thousands digit of 27513316?
1
What is the units digit of 3370896271?
1
What is the units digit of 268840892?
2
What is the units digit of 4419118071?
1
What is the ten millions digit of 3262379340?
6
What is the hundreds digit of 112081816?
8
What is the hundred thousands digit of 136441108?
4
What is the millions digit of 179609015?
9
What is the ten millions digit of 72826742?
7
What is the hundred thousands digit of 366384234?
3
What is the millions digit of 21642828?
1
What is the millions digit of 243991182?
3
What is the thousands digit of 422792179?
2
What is the hundred thousands digit of 1498780321?
7
What is the hundred thousands digit of 113028298?
0
What is the hundred thousands digit of 851701945?
7
What is the hundred thousands digit of 655876606?
8
What is the hundreds digit of 3402427206?
2
What is the hundreds digit of 71028125?
1
What is the hundreds digit of 989460711?
7
What is the tens digit of 98099055?
5
What is the thousands digit of 5618270363?
0
What is the thousands digit of 413687817?
7
What is the hundred millions digit of 1206232248?
2
What is the hundreds digit of 160193357?
3
What is the hundred thousands digit of 4661459090?
4
What is the ten thousands digit of 395487237?
8
What is the ten thousands digit of 770530597?
3
What is the units digit of 5740630081?
1
What is the ten thousands digit of 143994763?
9
What is the millions digit of 1176829708?
6
What is the tens digit of 3387053348?
4
What is the ten thousands digit of 5761510750?
1
What is the hundred thousands digit of 264116507?
1
What is the units digit of 2516652701?
1
What is the ten thousands digit of 4701028163?
2
What is the hundred millions digit of 2282875120?
2
What is the tens digit of 49902858?
5
What is the millions digit of 221919021?
1
What is the ten thousands digit of 84189837?
8
What is the thousands digit of 136215901?
5
What is the units digit of 239987621?
1
What is the hundreds digit of 58072767?
7
What is the billions digit of 2949361529?
2
What is the hundred thousands digit of 2186162?
1
What is the units digit of 59271938?
8
What is the ten millions digit of 1799107786?
9
What is the hundred thousands digit of 21912100?
9
What is the tens digit of 180386697?
9
What is the hundreds digit of 129924942?
9
What is the tens digit of 31352713?
1
What is the millions digit of 125205287?
5
What is the millions digit of 638196707?
8
What is the units digit of 154717038?
8
What is the hundred thousands digit of 19139874?
1
What is the hundreds digit of 51130963?
9
What is the thousands digit of 3188748985?
8
What is the tens digit of 665194582?
8
What is the hundreds digit of 356732823?
8
What is the tens digit of 167856009?
0
What is the ten thousands digit of 399671683?
7
What is the hundred thousands digit of 2190018585?
0
What is the tens digit of 44074156?
5
What is the millions digit of 30968430?
0
What is the tens digit of 461744353?
5
What is the thousands digit of 63311314?
1
What is the hundred thousands digit of 2234635012?
6
What is the millions digit of 45589876?
5
What is the hundred millions digit of 129853857?
1
What is the ten millions digit of 1435204607?
3
What is the millions digit of 441637209?
1
What is the units digit of 529545974?
4
What is the ten millions digit of 308310561?
0
What is the hundreds digit of 2826277807?
8
What is the ten millions digit of 76000085?
7
What is the hundred millions digit of 100524481?
1
What is the hundred millions digit of 159162338?
1
What is the hundred thousands digit of 350650331?
6
What is the ten millions digit of 76589825?
7
What is the thousands digit of 68718274?
8
What is the hundreds digit of 339907280?
2
What is the ten thousands digit of 113605396?
0
What is the millions digit of 2154631924?
4
What is the hundred millions digit of 835712437?
8
What is the billions digit of 2818365948?
2
What is the millions digit of 61375511?
1
What is the units digit of 651080681?
1
What is the ten millions digit of 131704666?
3
What is the tens digit of 100871449?
4
What is the thousands digit of 1078292958?
2
What is the thousands digit of 122014549?
4
What is the millions digit of 1330945361?
0
What is the thousands digit of 86155782?
5
What is the millions digit of 220928057?
0
What is the thousands digit of 4558094509?
4
What is the hundreds digit of 3126835845?
8
What is the ten millions digit of 50337304?
5
What is the ten thousands digit of 4357916239?
1
What is the thousands digit of 30210331?
0
What is the hundred millions digit of 1542393634?
5
What is the hundreds digit of 633386970?
9
What is the hundred millions digit of 583917333?
5
What is the ten thousands digit of 39802551?
0
What is the hundred millions digit of 3310807445?
3
What is the units digit of 85774733?
3
What is the hundred millions digit of 6412152650?
4
What is the hundreds digit of 241620767?
7
What is the ten thousands digit of 62902630?
0
What is the ten thousands digit of 300327295?
2
What is the tens digit of 599046004?
0
What is the ten millions digit of 13675456?
1
What is the hundred millions digit of 3121119086?
1
What is the hundreds digit of 724823130?
1
What is the tens digit of 154580574?
7
What is the hundreds digit of 75918266?
2
What is the hundred thousands digit of 61140276?
1
What is the hundred thousands digit of 359183086?
1
What is the ten thousands digit of 209980338?
8
What is the hundred thousands digit of 549919110?
9
What is the thousands digit of 590694473?
4
What is the millions digit of 165734460?
5
What is the millions digit of 11384262?
1
What is the hundreds digit of 657765611?
6
What is the units digit of 1916682153?
3
What is the ten millions digit of 367953800?
6
What is the units digit of 2771013304?
4
What is the hundred thousands digit of 32133527?
1
What is the ten millions digit of 8151417934?
5
What is the ten millions digit of 376305843?
7
What is the hundred thousands digit of 465197440?
1
What is the ten millions digit of 380582123?
8
What is the ten thousands digit of 86651403?
5
What is the ten millions digit of 113725490?
1
What is the hundred thousands digit of 37966777?
9
What is the hundred thousands digit of 278874393?
8
What is the hundreds digit of 161165061?
0
What is the thousands digit of 178055967?
5
What is the hundreds digit of 250568110?
1
What is the hundred thousands digit of 56213308?
2
What is the thousands digit of 165201599?
1
What is the ten thousands digit of 58561177?
6
What is the hundred thousands digit of 3651466400?
4
What is the thousands digit of 34717930?
7
What is the millions digit of 8360704?
8
What is the tens digit of 2493028465?
6
What is the units digit of 6395644248?
8
What is the ten thousands digit of 249892978?
9
What is the hundred thousands digit of 1703661018?
6
What is the hundred thousands digit of 201902283?
9
What is the hundred millions digit of 1753623659?
7
What is the units digit of 12490895?
5
What is the hundred millions digit of 1256319089?
2
What is the millions digit of 1134702460?
4
What is the ten millions digit of 52608518?
5
What is the tens digit of 114350151?
5
What is the hundred thousands digit of 195813393?
8
What is the thousands digit of 1411366347?
6
What is the ten millions digit of 65313475?
6
What is the hundreds digit of 3567420801?
8
What is the billions digit of 3138210540?
3
What is the ten millions digit of 1397883557?
9
What is the hundred thousands digit of 110026951?
0
What is the thousands digit of 191517666?
7
What is the units digi